2872)/36 - (-8)/(-36). What is the tens digit of (-494)/(-2) + g/(-16)?
5
Suppose -25 = -2*i - j, j + 21 = -5*i + 82. Suppose 2*t - 4*b - i - 132 = 0, 5*t - 2*b = 400. What is the tens digit of t?
8
Let n(g) = 8*g**2 + 25*g - 19. Let m = -298 + 288. What is the units digit of n(m)?
1
Let m = -42 + 50. Let o = 13 - m. Suppose 3*c = -c - o*j + 532, 2*j - 133 = -c. What is the hundreds digit of c?
1
What is the units digit of -189*(-122)/1 + -4?
4
Let b be 3286/(-10) + (-48)/120. Let d = b + 968. What is the units digit of d?
9
What is the units digit of -111 + 112 - (-3 - (-2 + 27155))?
7
Let c(z) = -3*z**3 - 3*z**2 + 47*z - 15. What is the units digit of c(-11)?
8
Let g(b) = -8*b + 116. Let y be g(13). Let t = -32 - -87. Suppose -13*s + t = -y*s. What is the tens digit of s?
5
What is the ten thousands digit of 15463/94*(-1)/((-7)/716)?
1
Suppose 2*r = 66 - 66. Suppose r = -6*k + 917 - 167. What is the hundreds digit of k?
1
Suppose 0 = -3*d - 7*w + 11*w + 22, 0 = 4*w + 16. Suppose -d*n + 4*o = -1226 - 878, 0 = 3*n + o - 3128. What is the hundreds digit of n?
0
Let j(a) = 15*a + 35. Let x be j(-2). Suppose 2692 = x*k - 1423. What is the hundreds digit of k?
8
Suppose 12*q - 8547 + 27411 = 0. Let r = -810 - q. What is the units digit of r?
2
Let d(y) = -2*y**2 + 3*y - 1. Let x be d(1). Suppose 5*o - 5*w - 220 = x, 0 = -3*o - w + 42 + 94. What is the units digit of 5/(1/4 + o/(-228))?
5
Suppose 22*o + 59 = 169. Suppose 5*c + 0*q - q = 1237, o*q - 1225 = -5*c. What is the units digit of c?
7
Let s(o) be the third derivative of o**4/24 + o**3 + 4*o**2. Let g be s(-10). What is the units digit of ((-15)/6)/(g/136)?
5
Suppose u + 4*d + 123 + 414 = 0, 0 = -3*d - 9. Let p be (u/28)/((-3)/8). Suppose 8*q - 3*q - y = p, 3*q = -5*y + 30. What is the tens digit of q?
1
Let g(x) = -x**3 - 8*x**2 - 10*x - 11. Let i(s) = s**2 + 9*s + 13. Let k be i(-4). Let u be g(k). Suppose 3*j - 80 = u. What is the tens digit of j?
3
Suppose -648*q = -643*q - 38195. What is the units digit of q?
9
Let y(z) = 267*z + 1. Let i be y(1). Suppose -2*t = -4*q - 572, 0 = -513*q + 511*q - t - 282. Let k = q + i. What is the hundreds digit of k?
1
Let u = -451 - -901. Suppose -3*p - 4*o + 403 = 0, 5*o = 3*p + 56 - u. What is the units digit of p?
3
Suppose -14*s + 31*s = 26979. What is the tens digit of s?
8
Let b = 55 - 51. Suppose 4*s + 0*j = 2*j + b, -4*j = -2*s - 4. Suppose 133 = 5*u - s. What is the tens digit of u?
2
What is the tens digit of 569805*15/1800 + (-3)/8?
4
Let f = -358 - -408. Let m = 501 + f. What is the units digit of m?
1
What is the thousands digit of 1 - (-4 - 45/(-10))*-99516?
9
Suppose 4*b + 93 = 5*v, -3*b + 6*v - 9*v = 36. Let k(q) = 4*q**2 + 54*q + 18. What is the hundreds digit of k(b)?
2
Suppose 3*j - 2*a = 183939, 90*j - 86*j - a - 245242 = 0. What is the ten thousands digit of j?
6
Let l(z) = z**3 + 2*z**2 + 4675. Let f be l(0). Suppose -15*w + f = 2*w. What is the tens digit of w?
7
Suppose 2*a - 79637 = 2277*k - 2272*k, 199085 = 5*a - 5*k. What is the tens digit of a?
1
Let t = -2289 + 3211. Suppose 4*c - 906 = 5*g, 0*c - t = -4*c - 3*g. What is the hundreds digit of c?
2
Suppose -32 = -3*r - 2*v - 9, -2*r - v = -17. Suppose -3*g - o = -0 - r, g + 2*o - 12 = 0. Suppose -1134 = -g*l - 5*l. What is the tens digit of l?
6
Let d = 414 - 402. Suppose 12716 = d*z + 2600. What is the tens digit of z?
4
Suppose 2*b + b - 4713 = 25917. What is the units digit of b?
0
Suppose 2*h = -5*n + 74259, 67*n = 63*n + 2*h + 59382. What is the tens digit of n?
4
Let s = 1699 + -2809. Let i = s + 1601. What is the tens digit of i?
9
Let m(q) = -3711*q - 1322. What is the tens digit of m(-6)?
4
Suppose -7*o + 158 = 823. Let w = o - -364. What is the units digit of w?
9
Let y(t) = -t**2 + 5*t - 2. Let a be y(2). Let x be 2082/a - 1/((-2)/3). Suppose -2*v = 5*s - x, 413 = 3*s + s - 3*v. What is the units digit of s?
4
What is the hundreds digit of 83769/7 + -3*(-36)/(-27)?
9
Let z(k) = -11*k + 7. Let j be z(2). Let d = j + 21. Suppose -a = -d*a + 2*o + 316, -188 = -3*a + 2*o. What is the tens digit of a?
6
Let c = 175 - 281. Let l = c + 100. What is the tens digit of ((-702)/91)/(l/56)?
7
Suppose 6 + 5 = -11*l. Let i be -27 + (2 - l) + -4. What is the units digit of i/(-6)*39/26?
7
Suppose 0 = -4*y - 12, 16*y + 17659 = 2*o + 15*y. What is the tens digit of o?
2
Let f = -42 - -47. Suppose f = 2*b - b. Suppose -b*t + 28 = -347. What is the tens digit of t?
7
Let n be 2/6 - -1*80/3. Let k = n - 23. Suppose 0 = -4*m + 16, -m = -2*t + 2*m + k. What is the units digit of t?
8
Let j be ((-1916)/3)/(34/51). Let o = -636 - j. What is the hundreds digit of o?
3
Let d(p) = 607 + 0*p**2 - 591 + p**2 - p. What is the units digit of d(5)?
6
What is the ten thousands digit of ((-357)/(-42) - 8)/((-1)/(-122660))?
6
Let p(f) = 22*f - 20 + 13 - 20 - f**2 - 7. Let n be p(20). Suppose 3*x + n*x = 171. What is the tens digit of x?
1
Let s(i) = -i**3 - 18*i**2 - 22*i + 210. What is the hundreds digit of s(-27)?
3
Let k(j) = -6*j**3 + 7*j**2 + 18*j + 19. What is the units digit of k(-3)?
0
Let b = 783 - 780. Suppose -2*z = b*s - 2005, -2000 = 5*z - 7*z - 4*s. What is the thousands digit of z?
1
Let b be 1166/6 - (-4)/6. Suppose 675 - 2523 = 21*u. Let p = b + u. What is the units digit of p?
7
Let f(o) = -o**3 + 9*o**2 + 9*o + 9. Let r be f(-6). Suppose -b = -3*c - 491, 2*c = b - 0*c - r. What is the hundreds digit of b?
5
Suppose 4*o = -8, 4*o + 27 - 12 = j. Suppose -5*h = 4*d - 645, -j*d + 5*h - 485 = -10*d. What is the hundreds digit of d?
1
Let g = 2 - -11. Let t be ((-2)/(-6))/(2 + g/(-6)). What is the units digit of ((-1714)/9)/t - 6/27?
5
Let y(l) = 470*l**2 - 49*l - 874. What is the hundreds digit of y(-9)?
6
Let r = -229 + 229. Suppose r = -7*u + 11*u - 2512. What is the units digit of u?
8
Suppose 4*w = -2*j + 14179 + 21255, -3*j = -w + 8848. What is the units digit of w?
7
Let s(c) = 2*c**3 - 3*c**2 + 8*c + 7. Suppose -3*l + 5 = -3*b + 8, -3*b + l = -9. What is the hundreds digit of s(b)?
1
Let a(x) = 59 - 5*x**2 - 4*x**2 + 7*x**2 + 3*x**2 + 24*x. What is the units digit of a(-23)?
6
Suppose -g = 1712 - 5958. What is the units digit of g?
6
Let m be -6*(-6 + 12258/(-4)). Suppose -45*z + 36*z = -m. What is the thousands digit of z?
2
Let u be -7 + (-72)/(-3 - 3). What is the units digit of u/(45/4941) - 6/2?
6
Let w(z) = z**3 + 5*z**2 + 5*z + 6. Let c be w(-4). Suppose 3*b + 4*a = 1692, -621 = -c*b - a + 512. What is the hundreds digit of b?
5
Suppose 3*p = 12, 0 = 12*o - 11*o + p - 9581. What is the units digit of o?
7
Suppose -8446 = -2*l - z + 9498, 8962 = l - 2*z. What is the tens digit of l?
7
What is the units digit of (-226120)/(-24) + -8*(-7)/168?
2
Let p(m) be the second derivative of 49*m**4/12 - m**3 + 8*m**2 - 8*m + 5. What is the hundreds digit of p(3)?
4
Suppose 2*m + 14 = -4. Let h(y) = -3*y - 22. Let z be h(m). Suppose -102 = -a - z. What is the units digit of a?
7
Let g(s) = -2*s**3 + 11*s**2 + 7*s. Let v be g(6). Suppose v*t - 641 = 139. What is the hundreds digit of t?
1
Let p = 207 + -432. Let o = 428 + p. What is the hundreds digit of o?
2
Suppose 4*z + 2*k - 326 = 46, -3*z + 279 = 2*k. What is the tens digit of z?
9
Suppose -33 + 39 = -3*t. What is the tens digit of (1/t)/(1/(-526))?
6
Suppose -4*n - 24 = -32. Let b = 1 - 4. What is the tens digit of (-28)/(b + -1 + n)?
1
Let b(l) = -10*l - 8. Let n be b(-3). Let a be (26 - n) + 2/(-1). Suppose a*x = 155 + 209. What is the tens digit of x?
8
Suppose 77*s + 41 - 657 = 0. Let d(y) = 17*y + 7 + 0*y + 15. What is the units digit of d(s)?
8
Suppose -29*a + 705650 = -476013. What is the units digit of a?
7
Let a(t) = 1688*t + 15. What is the hundreds digit of a(27)?
5
What is the tens digit of -46*1*(-13)/(-78)*-771 + -3?
0
Let k(s) = -1 + s + 669*s**2 + 9*s**3 - 672*s**2 + 21*s**3 + 13*s**3. What is the units digit of k(2)?
3
Let g = -71 + 73. Suppose g*s - 178 = s. What is the units digit of s?
8
What is the thousands digit of ((-1470)/35)/(-1 - (-2321)/2324)?
2
Let z be 18/((-4 - -2)*(5 + -6)). Let j be (z/(-14))/((-57)/(-380))*-7. Let l = 73 - j. What is the tens digit of l?
4
Let o = -21625 + 22493. What is the units digit of o?
8
Let q = -431 + 433. Suppose 5*v - 991 = 4*v - 3*l, q*l - 4929 = -5*v. What is th